{"id":11,"date":"2026-05-13T11:11:37","date_gmt":"2026-05-13T11:11:37","guid":{"rendered":"http:\/\/datenschutzerklaerung.hh.boc24.de\/?page_id=11"},"modified":"2026-05-13T15:44:46","modified_gmt":"2026-05-13T13:44:46","slug":"datenschutzerklaerung","status":"publish","type":"page","link":"https:\/\/datenschutzerklaerung.boc24.de\/","title":{"rendered":"Datenschutzerkl\u00e4rung"},"content":{"rendered":"\n<p style=\"border-top-left-radius:0px;border-top-right-radius:0px;border-bottom-left-radius:0px;border-bottom-right-radius:0px;margin-top:0;margin-right:0;margin-bottom:0;margin-left:0\">Stand 13.05.2026<\/p>\n\n\n\n<h3 class=\"wp-block-heading\"><strong>1. \u00dcberblick<\/strong><\/h3>\n\n\n\n<p>Verantwortlicher<\/p>\n\n\n\n<p>BIKE &amp; OUTDOOR COMPANY GmbH &amp; Co. KG<br>Friedrich Ebert Damm 111c<br>22047 Hamburg<br>E-Mail: kundenservice@boc24.de<br>Telefon: 040 20 20 97 97<\/p>\n\n\n\n<p>Datenschutzbeauftragter<\/p>\n\n\n\n<p>DS EXTERN GmbH<br>Marc Althaus<br>Frapanweg 22, 22589 Hamburg<br>E-Mail: kontakt@dsextern.de<br>Telefon: 040 696353930<br>Kontaktformular: https:\/\/www.dsextern.de\/anfragen<\/p>\n\n\n\n<h3 class=\"wp-block-heading\"><strong>2. Allgemeines zu den Datenverarbeitungen<\/strong><\/h3>\n\n\n\n<p>F\u00fcr alle nachstehend dargestellten Verarbeitungen gilt, soweit nichts anderes angegeben wird:<\/p>\n\n\n\n<p><strong>Keine Verpflichtung zur Bereitstellung<\/strong><br>Es besteht grunds\u00e4tzlich keine gesetzliche Verpflichtung zur Bereitstellung personenbezogener Daten. Soweit die Verarbeitung zur Durchf\u00fchrung einer Anfrage, eines Vertrags oder zur Nutzung bestimmter Dienste erforderlich ist, ist die Bereitstellung der entsprechenden Daten jedoch notwendig.<\/p>\n\n\n\n<p><strong>Folgen der Nichtbereitstellung<\/strong><br>Bei erforderlichen Daten (Daten, die bei der Eingabe als Pflichtangaben gekennzeichnet sind), hat die Nichtbereitstellung zur Folge, dass die betreffende Leistung nicht erbracht werden kann. Ansonsten hat die Nichtbereitstellung ggf. zur Folge, dass unsere Dienste nicht in gleicher Form und Qualit\u00e4t erbracht werden k\u00f6nnen oder Komfortfunktionen nicht bereitstehen.<\/p>\n\n\n\n<p><strong>\u00dcbermittlung an staatliche Beh\u00f6rden<\/strong><br>Wir \u00fcbermitteln personenbezogene Daten an staatliche Stellen und Beh\u00f6rden (einschlie\u00dflich Strafverfolgungsbeh\u00f6rden) nur, wenn dies zur Erf\u00fcllung einer rechtlichen Verpflichtung erforderlich ist, der wir unterliegen (Rechtsgrundlage Art. 6 Abs. 1 c DSGVO) oder es zur Geltendmachung, Aus\u00fcbung oder Verteidigung von Rechtsanspr\u00fcchen erforderlich ist (Rechtsgrundlage Art. 6 Abs. 1 f DSGVO).<\/p>\n\n\n\n<p><strong>Speicherdauer<\/strong><br>Grunds\u00e4tzlich speichern wir Ihre Daten nicht l\u00e4nger, als wir sie f\u00fcr die jeweiligen erforderlichen Verarbeitungszwecke ben\u00f6tigen. Sind die Daten nicht mehr erforderlich, werden diese regelm\u00e4\u00dfig gel\u00f6scht, es sei denn, deren befristete Aufbewahrung ist weiterhin notwendig. Gr\u00fcnde hierf\u00fcr k\u00f6nnen z. B. Folgende sein: die Erf\u00fcllung handels- und steuerrechtlicher Aufbewahrungspflichten oder das Aufbewahren von Beweismitteln f\u00fcr rechtliche Auseinandersetzungen im Rahmen der gesetzlichen Verj\u00e4hrungsvorschriften.<\/p>\n\n\n\n<p><strong>Weitere Empf\u00e4nger<\/strong><br>Neben den unten explizit aufgef\u00fchrten Empf\u00e4ngerkategorien werden personenbezogene Daten auch an folgende Kategorien von Empf\u00e4ngern \u00fcbermittelt: Versanddienstleister, Infrastrukturprovider im Rahmen der Auftragsverarbeitung, insbesondere Telekommunikationsanbieter.<\/p>\n\n\n\n<h3 class=\"wp-block-heading\"><strong>3. Verarbeitungst\u00e4tigkeiten im Detail<\/strong><\/h3>\n\n\n\n<details class=\"wp-block-details is-layout-flow wp-block-details-is-layout-flow\"><summary>Kommunikation und Kollaboration<\/summary>\n<p><strong>Zweck<\/strong><br>Wir verarbeiten personenbezogene Daten im Rahmen der Kommunikation und digitalen Zusammenarbeit, insbesondere zur Bearbeitung von Anfragen, zur Durchf\u00fchrung vorvertraglicher Ma\u00dfnahmen, zur Abwicklung von Vertragsverh\u00e4ltnissen sowie zur allgemeinen gesch\u00e4ftlichen Korrespondenz. Dies umfasst auch die Nutzung von Telefonie sowie digitale Dienste wie E-Mail, Dateifreigaben, gemeinsame Dokumente und Formulare.<\/p>\n\n\n\n<p><strong>Datenkategorien<\/strong><br>Kontaktdaten wie Name, E-Mail-Adresse und Telefonnummer, Kommunikations- und Inhaltsdaten wie Nachrichteninhalte, Dokumente und freigegebene Inhalte sowie technische Meta- und Verbindungsdaten wie Zeitpunkte der Kommunikation und Verbindungsinformationen. Gespr\u00e4chsinhalte werden nur verarbeitet, soweit dies technisch erforderlich ist.<\/p>\n\n\n\n<p><strong>Rechtsgrundlagen<\/strong><br>Art. 6 Abs. 1 lit. b DSGVO sowie Art. 6 Abs. 1 lit. f DSGVO; im Besch\u00e4ftigungskontext \u00a7 26 BDSG<\/p>\n\n\n\n<p><strong>Empf\u00e4nger\/Provider<\/strong><br>Interne Fachabteilungen; Auftragsverarbeiter Microsoft Corporation \/ Microsoft Deutschland GmbH im Rahmen von Microsoft 365<\/p>\n\n\n\n<p><strong>Speicherdauer<\/strong><br>Die Daten werden grunds\u00e4tzlich nur so lange gespeichert, wie dies zur Durchf\u00fchrung der Kommunikation und Zusammenarbeit erforderlich ist. Unabh\u00e4ngig davon erfolgt eine Speicherung aller ein- und ausgehenden E-Mails im Rahmen der rechtssicheren E-Mail-Archivierung zur Erf\u00fcllung gesetzlicher Aufbewahrungspflichten f\u00fcr einen Zeitraum von 10 Jahren in einem separaten Archivsystem. Nach Ablauf der Frist werden die Daten gel\u00f6scht.<\/p>\n\n\n\n<p><strong>Drittstaaten\u00fcbermittlung<br><\/strong>keine<\/p>\n<\/details>\n\n\n\n<details class=\"wp-block-details is-layout-flow wp-block-details-is-layout-flow\"><summary>Gast-Netzwerk<\/summary>\n<p><strong>Zweck<\/strong><br>Wir stellen ein G\u00e4ste Netzwerk zur Verf\u00fcgung, um Besuchern, Kunden und Gesch\u00e4ftspartnern einen Internetzugang zu erm\u00f6glichen. Die Verarbeitung erfolgt zum Zwecke der Bereitstellung, zur Sicherstellung eines stabilen und sicheren Netzbetriebs sowie zur Erkennung und Verfolgung von Missbrauch oder sicherheitsrelevanten Vorf\u00e4llen.<\/p>\n\n\n\n<p><strong>Datenkategorien<\/strong><br>technische Meta-\/Kommunikationsdaten (IP-Adressen, MAC-Adressen, Zeitpunkte und Dauer der Verbindungen).<br>Rechtsgrundlagen: berechtigtes Interesse (Art. 6 Abs. 1 lit. f DSGVO)<\/p>\n\n\n\n<p><strong>Empf\u00e4nger\/Provider<\/strong><br>Interne IT-Abteilung; Auftragsverarbeiter Cisco Systems GmbH und Spike Reply GmbH<\/p>\n\n\n\n<p><strong>Speicherdauer<\/strong><br>Die L\u00f6schung erfolgt automatisiert nach sp\u00e4testens einem Monat, sofern keine sicherheitsrelevanten Ereignisse eine l\u00e4ngere Aufbewahrung im Einzelfall erforderlich machen.<\/p>\n\n\n\n<p><strong>Drittstaaten\u00fcbermittlung<\/strong><br>keine<\/p>\n\n\n\n<ul class=\"wp-block-list\">\n<li><\/li>\n<\/ul>\n<\/details>\n\n\n\n<h3 class=\"wp-block-heading\"><strong>4. Empf\u00e4nger &amp; Zugriff im Unternehmen<\/strong><\/h3>\n\n\n\n<p>Innerhalb des Unternehmens erhalten grunds\u00e4tzlich nur die hierf\u00fcr zust\u00e4ndigen Stellen Zugriff (Need-to-know \/ rollenbasiert).<\/p>\n\n\n\n<h3 class=\"wp-block-heading\"><strong>5. Technische und organisatorische Ma\u00dfnahmen<\/strong><\/h3>\n\n\n\n<p>Zum Schutz personenbezogener Daten setzen wir geeignete technische und organisatorische Ma\u00dfnahmen gem\u00e4\u00df Artikel 32 DSGVO ein. Dazu geh\u00f6ren insbesondere rollenbasierte Zugriffskonzepte, Segmentierung von Netzwerken, Protokollierung und Monitoring, Ma\u00dfnahmen zur Angriffserkennung sowie regelm\u00e4\u00dfige Updates und Wartung der Systeme.<\/p>\n\n\n\n<h3 class=\"wp-block-heading\"><strong>6. Keine automatisierten Entscheidungen, kein Profiling und keine Verhaltens\u00fcberwachung<\/strong><\/h3>\n\n\n\n<p>Es finden keine automatisierten Entscheidungen im Sinne des Artikels 22 DSGVO statt. Eine Profilbildung sowie eine Verhaltens- oder Leistungs\u00fcberwachung erfolgt nicht.<\/p>\n\n\n\n<h3 class=\"wp-block-heading\"><strong>7. Betroffenenrechte<\/strong><\/h3>\n\n\n\n<p><strong>Widerspruchsrecht<\/strong><br>Sie haben das Recht, aus Gr\u00fcnden, die sich aus Ihrer besonderen Situation ergeben, jederzeit mit Wirkung f\u00fcr die Zukunft gegen die Verarbeitung Sie betreffender personenbezogener Daten, die gem\u00e4\u00df Art. 6 Abs. 1 e oder f DSGVO erfolgt, Widerspruch einzulegen; dies gilt auch f\u00fcr ein auf diese Bestimmungen gest\u00fctztes Profiling. Das Widerspruchsrecht k\u00f6nnen Sie kostenfrei aus\u00fcben.<\/p>\n\n\n\n<p><strong>Auskunftsrecht<\/strong><br>Sie haben das Recht zu erfahren, ob Sie betreffende personenbezogene Daten von uns verarbeitet werden, welche personenbezogenen Daten dies ggf. sind, sowie weitere Informationen gem\u00e4\u00df Art. 15 DSGVO zu erhalten.<\/p>\n\n\n\n<p><strong>Berichtigungsrecht<\/strong><br>Sie haben das Recht, von uns unverz\u00fcglich die Berichtigung Sie betreffender unrichtiger personenbezogener Daten zu verlangen (Art. 16 DSGVO). Unter Ber\u00fccksichtigung der Zwecke der Verarbeitung haben Sie das Recht, die Vervollst\u00e4ndigung unvollst\u00e4ndiger personenbezogener Daten \u2013 auch mittels einer erg\u00e4nzenden Erkl\u00e4rung \u2013 zu verlangen.<\/p>\n\n\n\n<p><strong>Recht auf L\u00f6schung<\/strong><br>Sie haben das Recht, von uns zu verlangen, dass Sie betreffende personenbezogene Daten unverz\u00fcglich gel\u00f6scht werden, sofern einer der in Art. 17 Abs. 1 DSGVO genannten Gr\u00fcnde zutrifft und die Verarbeitung nicht f\u00fcr einen der in Art. 17 Abs. 3 DSGVO geregelten Zwecke erforderlich ist.<\/p>\n\n\n\n<p><strong>Recht auf Einschr\u00e4nkung der Verarbeitung<\/strong><br>Sie sind berechtigt, eine Einschr\u00e4nkung bei der Verarbeitung Ihrer personenbezogenen Daten zu verlangen, wenn eine der in Art. 18 Abs. 1 Buchst. a) bis d) DSGVO geregelten Voraussetzungen gegeben ist.<\/p>\n\n\n\n<p><strong>Recht auf Daten\u00fcbertragbarkeit<\/strong><br>Sie haben das Recht, die Sie betreffenden personenbezogenen Daten, die sie uns bereitgestellt haben, in einem strukturierten, g\u00e4ngigen und maschinenlesbaren Format zu erhalten. Weiterhin haben Sie das Recht diese Daten einem anderen Verantwortlichen ohne Behinderung durch uns zu \u00fcbermitteln oder zu erwirken, dass eine direkte \u00dcbermittlung durch uns geschieht, sofern dies technisch m\u00f6glich ist. Dies soll immer dann gelten, wenn die Grundlage der Datenverarbeitung die Einwilligung oder ein Vertrag ist und die Daten automatisiert verarbeitet werden. F\u00fcr nur in Papierform vorgehaltene Daten gilt dies demnach nicht.<\/p>\n\n\n\n<p><strong>Widerrufsrecht bei Einwilligung<\/strong><br>Soweit die Verarbeitung auf Ihrer Einwilligung beruht, haben Sie das Recht, die Einwilligung jederzeit zu widerrufen. Die Rechtm\u00e4\u00dfigkeit, der aufgrund der Einwilligung bis zum Widerruf erfolgten Verarbeitung, wird dadurch nicht ber\u00fchrt.<\/p>\n\n\n\n<p><strong>Beschwerderecht<\/strong><br>Sie haben ein Beschwerderecht bei einer Aufsichtsbeh\u00f6rde.<\/p>\n\n\n\n<hr class=\"wp-block-separator has-alpha-channel-opacity\"\/>\n\n\n\n<h2 class=\"wp-block-heading\"><strong>Impressum<\/strong><br><\/h2>\n\n\n\n<p>BIKE &amp; OUTDOOR COMPANY GmbH &amp; Co. KG<br>Friedrich-Ebert-Damm 111c<br>22047 Hamburg<br>Deutschland<br>Telefon: 040-20 20 97 97<br>Mail: kundenservice@b-o-c.com<\/p>\n\n\n\n<p>Handelsregister: Amtsgericht Hamburg, HRA 108484<\/p>\n\n\n\n<p>vertreten durch die gesch\u00e4ftsf\u00fchrende Gesellschafterin:<br>BIKE &amp; OUTDOOR COMPANY Verwaltungs GmbH, Hamburg<\/p>\n\n\n\n<p>diese vertreten durch ihre Gesch\u00e4ftsf\u00fchrer: Carsten Horn (Vorsitzender), Bernd Heumann<\/p>\n\n\n\n<p>Handelsregister der Komplement\u00e4rin: Amtsgericht Hamburg , HRB 105287<\/p>\n\n\n\n<p>Umsatzsteuer-Identifikationsnummer(n): DE260345966<\/p>\n","protected":false},"excerpt":{"rendered":"<p>Stand 13.05.2026 1. \u00dcberblick Verantwortlicher BIKE &amp; OUTDOOR COMPANY GmbH &amp; Co. KGFriedrich Ebert Damm 111c22047 HamburgE-Mail: kundenservice@boc24.deTelefon: 040 20 20 97 97 Datenschutzbeauftragter DS EXTERN GmbHMarc AlthausFrapanweg 22, 22589 HamburgE-Mail: kontakt@dsextern.deTelefon: 040 696353930Kontaktformular: https:\/\/www.dsextern.de\/anfragen 2. Allgemeines zu den Datenverarbeitungen F\u00fcr alle nachstehend dargestellten Verarbeitungen gilt, soweit nichts anderes angegeben wird: Keine Verpflichtung zur BereitstellungEs [&hellip;]<\/p>\n","protected":false},"author":1,"featured_media":0,"parent":0,"menu_order":0,"comment_status":"closed","ping_status":"closed","template":"","meta":{"footnotes":""},"class_list":["post-11","page","type-page","status-publish","hentry"],"_links":{"self":[{"href":"https:\/\/datenschutzerklaerung.boc24.de\/index.php\/wp-json\/wp\/v2\/pages\/11","targetHints":{"allow":["GET"]}}],"collection":[{"href":"https:\/\/datenschutzerklaerung.boc24.de\/index.php\/wp-json\/wp\/v2\/pages"}],"about":[{"href":"https:\/\/datenschutzerklaerung.boc24.de\/index.php\/wp-json\/wp\/v2\/types\/page"}],"author":[{"embeddable":true,"href":"https:\/\/datenschutzerklaerung.boc24.de\/index.php\/wp-json\/wp\/v2\/users\/1"}],"replies":[{"embeddable":true,"href":"https:\/\/datenschutzerklaerung.boc24.de\/index.php\/wp-json\/wp\/v2\/comments?post=11"}],"version-history":[{"count":13,"href":"https:\/\/datenschutzerklaerung.boc24.de\/index.php\/wp-json\/wp\/v2\/pages\/11\/revisions"}],"predecessor-version":[{"id":34,"href":"https:\/\/datenschutzerklaerung.boc24.de\/index.php\/wp-json\/wp\/v2\/pages\/11\/revisions\/34"}],"wp:attachment":[{"href":"https:\/\/datenschutzerklaerung.boc24.de\/index.php\/wp-json\/wp\/v2\/media?parent=11"}],"curies":[{"name":"wp","href":"https:\/\/api.w.org\/{rel}","templated":true}]}}